 10*j. Calculate c(-6).
5
Let o = 64 - 63. Let n(d) = 29*d. Calculate n(o).
29
Suppose 2*b = 6*b + 8. Let p be 6/(-21) + b/(-7). Suppose p = -4*r + 2*r + 6. Let n(m) = m**3 - 2*m**2 - 3*m. Give n(r).
0
Let d be (6/(-15))/(1/(-5)). Let j(a) = -1 + 0*a**d - 6 - a + 0*a + a**2. Give j(0).
-7
Let b(g) = -g + 21. Let r be 4/14*-1 + 40/140. Calculate b(r).
21
Let l(q) be the second derivative of 7*q**4/12 + q**3/6 - 10*q. What is l(-1)?
6
Let m = -17 - -11. Let d(o) = -o**3 - 6*o**2 + 3. Let g be d(m). Let n(l) = -l**3 + 4*l**2 - 4*l. Determine n(g).
-3
Let t be (-6)/(-1)*4/12. Let v(q) = -t + q - 3 + 3. Suppose 3*g = g. Determine v(g).
-2
Let u(s) = -3*s**2 - 3*s - 2. Suppose 0 = -4*p + y + 22, 0*p - 28 = -4*p + 4*y. Let k(c) = -c**2 + 4*c + 3. Let t be k(p). Calculate u(t).
-8
Let g(k) = -8*k**2 - 3*k + 47. Let a(u) = -3*u**2 - u + 16. Let s(f) = -11*a(f) + 4*g(f). Determine s(0).
12
Let t(c) = 2*c**3 - c**3 + c - 4*c + 2*c. Let h(j) = -j**2 - 7*j - 4. Let m be h(-5). Let g be 9/m*(-4)/(-6). Calculate t(g).
0
Let g(f) = f - 3. Let w(d) = -3*d + 8. Let c(u) = 8*g(u) + 3*w(u). Let a be 2 - ((-3)/3 + 4). Let z be (9/12)/(a/4). What is c(z)?
3
Let w(v) be the third derivative of -v**5/60 - 3*v**3/2 + v**2. Suppose -4*m = -2*m. Calculate w(m).
-9
Let y(j) be the third derivative of 0 - 1/120*j**6 + 1/6*j**3 + 0*j - 7/60*j**5 - 5/24*j**4 - 4*j**2. Calculate y(-6).
-5
Let m(d) = 5*d**3 - 9*d**2 - 7*d + 5. Let n(t) = -9*t**3 + 17*t**2 + 14*t - 9. Let f(j) = -7*m(j) - 4*n(j). Calculate f(6).
-5
Let c(w) = -10*w**2 + w. Let o = 169 - 168. What is c(o)?
-9
Let p(i) = i**2 - 6*i + 6. Let n be p(6). Let w = 1 - n. Let b(c) = -c - 1. What is b(w)?
4
Let y be 5 + 3/(-6)*6. Let a(z) = 4*z. Calculate a(y).
8
Let d be (32/24)/((-2)/(-12)). Let k = d - 5. Let r(n) = -n**2 + n + 3. Calculate r(k).
-3
Let h(n) = n**2 - n. Let f(u) = -4*u**2 + 7*u - 1. Let o(t) = -f(t) - 5*h(t). Let j = 8 - 20. Let q(l) = l**2 + 13*l + 8. Let s be q(j). What is o(s)?
-7
Let y = -2 + 3. Suppose 3*n = j + y, 3*j - 6*j + 5 = -n. Let l(h) = n + 1 + 3*h - 3. Calculate l(2).
5
Let z = 2 + -3. Let i(r) = 4*r**2 + r. Let n be i(z). Let a(m) = 5*m + 10. Let y(v) = -6*v - 11. Let h(s) = -7*a(s) - 6*y(s). Determine h(n).
-1
Let q(z) be the third derivative of -z**6/120 - z**5/10 + z**4/6 - 5*z**3/3 + 23*z**2. Determine q(-7).
11
Let i = -18 - -13. Let q(n) = -13*n**2 + 8*n**2 + n**3 - 2*n**3 + 1 - 2*n - 2. What is q(i)?
9
Let o(j) be the second derivative of -j**4/12 + 7*j**3/6 - 3*j**2/2 + 19*j. What is o(3)?
9
Let n(b) = b**2 + 3*b - 7. Let k be n(-5). Suppose 19 = 5*s - u, -4*s + 15 = 5*u - 6. Let r(c) = 2*c - 3*c - 4 + s*c + 0*c. What is r(k)?
5
Suppose 0 = -k + 3*k + 5*a - 16, 0 = -2*k + a - 8. Let b(l) = -15 - 5*l**2 + 12 - 2*l + 3*l**2. Calculate b(k).
-7
Let f(m) = -m**3 + 3*m**2 - m. Let v be f(2). Suppose -y + 0*z + v*z = 13, -33 = 5*y - 2*z. Let d(g) = 6 - 2 - 2*g**2 - 5*g + 0 + g**2. Calculate d(y).
4
Let p(w) = w**3 + w + 5. Let n(q) = q**3 + q**2 + 2*q. Let t be n(0). What is p(t)?
5
Let o(a) = 2 + 2*a**2 - 3*a**2 + 3 + a + a**3. Suppose 0 = 11*q - 14*q. Give o(q).
5
Suppose 4*g + 0*m - 4 = 4*m, g - 2*m - 4 = 0. Let t(x) = 4*x + 3 - 5*x + 3*x. What is t(g)?
-1
Let f(n) = 3*n + 2 + 9 - 2*n. Let x(s) = -s**2 + 4. Let k(j) = -3*j**2 + 12. Let a(p) = -2*k(p) + 7*x(p). Let t be a(3). Calculate f(t).
6
Let d(x) = x - 1 + 21*x**3 - 9*x**3 - 11*x**3. Determine d(1).
1
Let i(o) = -o**2 - 6*o. Let g(s) = s**2 - 5*s + 6. Let m be g(5). Let b be -1*(-1)/(-2)*m. Determine i(b).
9
Let l(i) = -1 + i**2 - i + 6 - 3. Let k(c) = c**3 - 10*c**2 + 8*c + 11. Let y be k(9). Suppose y*j = j. What is l(j)?
2
Let u(l) = -l. Let z(t) = 5*t - 1. Let f(v) = 3*u(v) - z(v). Give f(-1).
9
Let c(s) be the first derivative of -s**4/4 - 4*s**3/3 + 5*s**2/2 + 3*s - 5. Calculate c(-5).
3
Let r(c) = -c - 1. Let o(y) = 8*y - 1. Let i(d) = -o(d) - 5*r(d). What is i(5)?
-9
Let y(o) be the first derivative of o**4/12 - o**3/3 + o**2 + 7*o - 7. Let a(r) be the first derivative of y(r). Calculate a(3).
5
Suppose -j = 5*t - 6, -2*j = 3*t - 5*t. Let n(w) = -3*w**2 + 4*w + 4*w**2 + w**2 - 3*w**2 - t. What is n(3)?
2
Let r(p) = -10*p**2 + 0 + 21*p**2 - 3*p**2 - 1. Give r(1).
7
Let n(q) = q**3 - 8*q**2 + 12*q + 5. Let t be n(6). Let d(r) = r**2 - 6*r + 5. What is d(t)?
0
Let u(y) be the second derivative of -3*y**5/20 + y**4/12 - y**2/2 + y. Suppose 5*t = -s - 2*s - 5, 2*t = 3*s - 2. Let k = -2 - t. Calculate u(k).
3
Suppose a - 6*a + 103 = -2*p, -4*p = 5*a - 79. Suppose a - 4 = 5*y. Let x(o) = o**3 - 4*o**2 + 4*o - 3. Determine x(y).
0
Suppose 0 = 4*k - k. Suppose 0*u + 3*u + 6 = k. Let b(s) be the first derivative of s**4/4 + 2*s**3/3 - s**2/2 + s - 9. Give b(u).
3
Let d be -2 + 2 - -2 - 4. Suppose -4*b + 5*g = -25, 3*b + 2*g + 10 = 8*b. Let r be d*(b - 9/(-6)). Let u(k) = -k - 4. What is u(r)?
-1
Let t(v) = -v**3 + 6*v**2 - 6*v - 7. Let x(m) = -5*m + 7. Let j(u) = -11*u + 15. Let p(w) = 6*j(w) - 13*x(w). Let b(h) = 2*p(h) - t(h). Give b(4).
-11
Let c(l) be the second derivative of l**5/20 - 7*l**4/12 + 4*l**3/3 - 3*l**2 - 4*l. What is c(6)?
6
Let o(z) = -7*z + 1 + 1 + 6*z. Calculate o(-3).
5
Let b = 12 - 9. Let h(p) = -4*p**2 - p**b - 13*p - 3 + 13*p. Let x(s) = s**3 - 6*s**2 + 3*s + 6. Let f be x(5). Calculate h(f).
-3
Let d(b) = b - 6. Let f = -7 - -7. Suppose -j + 4*x = -f*x - 8, -2*j + 2*x + 10 = 0. Calculate d(j).
-2
Let i(y) be the first derivative of 3*y**2/2 - 3*y + 15. Suppose t = -0*t + 2. Give i(t).
3
Let a(s) be the first derivative of s**4/2 - 2*s**3/3 + s**2/2 + 1. Let o be -1 + (4/4 - -2). Calculate a(o).
10
Let j(b) = -b**3 - 8*b**2 - 6*b - 3. Suppose 3*i - 12 = -0, 4*o - 3*i = -40. What is j(o)?
-10
Let m(b) be the first derivative of b**2/2 - 7*b + 6. Give m(6).
-1
Let m = 12 + -6. Suppose -m*b + 16 = -2*b. Let z(s) = -4*s**3 + 2*s**2 - 8*s + 2. Let j(y) = -5*y**3 + y**2 - 9*y + 3. Let c(r) = -3*j(r) + 4*z(r). Give c(b).
-5
Let v(m) = m**2 + 5*m - 4. Suppose -2*k - 7 = -k. What is v(k)?
10
Suppose -2*c + 4*k = 32, -3*k = -c - 2 - 19. Let g(v) = -v**3 - 3*v**2 + 3 - v + 3*v - 3*v**2. Give g(c).
-9
Suppose 2*v - 16 = 4*o, -6*o + 3*o - v = 22. Let b = o - -5. Let a(f) = -8*f**2 - f. Calculate a(b).
-7
Suppose 5*c = -3*f - 0*f + 21, -5*f + 3*c + 1 = 0. Suppose -5*d + 4*v - 10 = -0*d, -35 = -5*d - 5*v. Let j(a) = 6*a - 7*a - a**d - a**2. Give j(f).
-10
Let r(h) = 2*h**3 + 3*h**2 - h + 21. Let l(p) = -p**3 - p**2 + p - 10. Let m(t) = -9*l(t) - 4*r(t). Let n(z) = 2*z. Let i be n(2). Determine m(i).
2
Let i(u) = 2*u**2 + 2*u - 2. Suppose 0 = 2*m + 4. Calculate i(m).
2
Let m(l) = 10 + 8 - 21 - l + 7. Suppose 10 = -5*h + 2*u - 16, 0 = 2*h - u + 10. What is m(h)?
10
Let x(n) = n**2 - 3*n - 4. Let b be x(4). Suppose 4*h + 11 = -p, b*h = -4*p + 4*h + 16. Let q(r) = -r**3 - r**2 + 2*r - 1. Calculate q(p).
-1
Let u(p) be the third derivative of p**4/4 - p**3/6 + 5*p**2. Determine u(1).
5
Suppose -5*x - 3*c = -7*c, -5*x + c = 0. Suppose -5*m + x = 30. Let d(j) = 13 - 9 + 8*j + 0*j**3 + 0*j**3 + 7*j**2 + j**3. Calculate d(m).
-8
Let o(j) be the third derivative of j**5/60 - 5*j**4/24 - 2*j**3/3 - 12*j**2. Give o(6).
2
Suppose 17*m + 68 + 34 = 0. Let g(c) = 5*c**3 + 5*c**2 - 6*c + 7. Let v(p) = p**3 + 1. Let q(w) = g(w) - 4*v(w). Give q(m).
3
Let i(c) = -c**2 - 5*c - 3. Let m be (1 - 3) + -4 - 1. Let f = -2 - m. Suppose -f*s + 0 = 20. Determine i(s).
1
Let q(f) = 5*f + 3. Suppose 9 = -b - 4*h + 3, -b + 2*h = 0. What is q(b)?
-7
Suppose 5*p - 2*f - 1 - 11 = 0, -3*p + 8 = -f. Let m(q) = q**2 - 5. What is m(p)?
11
Let h(o) be the third derivative of o**5/60 - o**4/8 + 7*o**2. Give h(3).
0
Let a be (5/(-2))/((-1)/2). Suppose 4*n - a*n = -1. Let p be (-171)/(-36) + n/4. Let m(r) = r - 7. Calculate m(p).
-2
Let q(n) = -n**3 + 7*n**2 - 5*n - 6. Let t be q(6). Suppose 3*g + g - 4 = t. Let s be (-1 - 5)*g/3. Let h(b) = -b**3 - 4*b**2 - b - 1. Give h(s).
-7
Let n(k) = -k**2 + 12*k - 6. Suppose -5*a + 58 = -3*x, -2*a = -3*a - 4*x + 7. What is n(a)?
5
Let f(x) = -5*x + 1. Let v = 31 + -22. Let d(l) = 10*l - 2. Let g(n) = v*f(n) + 4*d(n). Give g(1).
-4
Let d(b) = -b - 2. Let w(i) = -2*i - 4. Let c(v) = -11*d(v) + 6*w(v). Suppose -3*h + 27 = 5*m, 4*m - 5 = -2*h + 5*m. Let f = h + -7. Determine c(f).
1
Let r(m) be the first derivative o